4?
2
Let k = -51 - -63. Suppose -k*s - 1050 = 9*s. Let j be 60/25*s/(-4). What is the highest common factor of 15 and j?
15
Let y = 329 - 185. Let h be y - -1*(-4 + 0). Calculate the highest common factor of h and 56.
28
Let z be 2/(28*-1) - (-180387)/1134. Calculate the greatest common divisor of z and 8639.
53
Let l = -1043 - -1481. Suppose -5*r + l + 332 = 0. What is the highest common factor of r and 28?
14
Let v be (6/(-1))/(10/5). Let t(a) = -3*a + 8. Let s be t(v). Calculate the highest common divisor of s and 221.
17
Let t = 57 + -48. Suppose t*w = 7*w + 468. Calculate the highest common divisor of 18 and w.
18
Suppose 0 = -5*r - 25, -u - 54 = -3*u + 4*r. Let t be (-238)/u*(-1)/2. Let w be 1 + 3 - t - -11. What is the greatest common factor of 40 and w?
8
Let q be -15*(756/30)/(-7). Let d(a) = -2*a**3 - 92*a**2 - 4*a + 59. Let w be d(-46). Calculate the highest common divisor of q and w.
27
Let f be (-10)/(561/(-198) - (-2 + 0)). Calculate the highest common factor of 692 and f.
4
Let a be ((-66)/(-17) + -4 - (-5568)/(-68))*-60. Calculate the greatest common divisor of a and 10.
10
Suppose 4*p - 5*t - 763 = -8*t, -2*p - 5*t + 385 = 0. What is the greatest common factor of 140 and p?
10
Let g = -147 + 232. Let n = 87 - g. Suppose 5*u + h - 273 = 0, -4*u + 213 = h - n*h. What is the greatest common factor of u and 6?
6
Let c be ((-200)/2)/(-8 - 237/(-30)). Suppose -29*h + 9*h = -c. What is the highest common factor of h and 70?
10
Suppose 6359*g = 6340*g + 532. Calculate the highest common divisor of g and 4.
4
Let t = 568 - 566. Suppose -42 = -j - t*b - 12, b - 120 = -4*j. What is the highest common divisor of 10 and j?
10
Suppose -2*n - 5*s + 35 = -60, 0 = 3*s - 15. Suppose b - 15 = v, 2*v + 74 = 5*b - 2*v. What is the greatest common divisor of b and n?
7
Suppose 26093 = 88*j + 5765. Calculate the highest common divisor of 19173 and j.
231
Let z = -146 + 141. Let r be (z + -2)*(0 + 936/(-42)). Calculate the highest common factor of r and 52.
52
Let n be ((-12)/14)/(5/(-70)). Let f = -1020 + 1052. Let v be 2/1 + 15*f/n. What is the greatest common divisor of 14 and v?
14
Suppose -23*n + 19*n = -5*b - 27612, -3*n + 20709 = -4*b. What is the greatest common factor of n and 118?
59
Suppose 155 - 27 = 32*k. Let v(u) = u + 4. Let j be v(-3). Suppose 4*n - 5*p = 97, -3*p + k*p = -j. What is the greatest common factor of n and 46?
23
Let h = -21389 + 38394. What is the highest common factor of h and 190?
95
Let p(i) = -i**2 - 2*i - 1. Let x be p(11). Let v = 161 + x. Calculate the greatest common divisor of v and 459.
17
Suppose -3*h + 12 = 3*z, 2*z - 3 - 9 = -3*h. Suppose z = 3*j - 17 + 2. Suppose 48 = -2*r + 128. What is the highest common factor of r and j?
5
Let b = -3395 + 3405. Calculate the greatest common divisor of 38 and b.
2
Let l = 14237 - 14157. What is the highest common factor of 992 and l?
16
Let c(v) = 1860*v + 11222. Let z be c(-6). Let h be (-5575)/(-30) + (-1)/(-6). Calculate the greatest common factor of z and h.
62
Suppose 2*t - 65 = -3*t. Let w(b) = 10*b**2 + 1487*b + 8874. Let r be w(-6). What is the greatest common divisor of r and t?
13
Suppose -2*d + 24 - 20 = 0. Suppose 2*v + 11 = -d*p + 43, -p = -4*v + 44. Suppose 532 + v = 4*b. What is the greatest common divisor of b and 17?
17
Let l be 44/110 + 43/5. Let b(p) = -p**2 + 10*p + 9. Let q be b(l). Suppose 0 = -22*r - r + 621. What is the greatest common divisor of q and r?
9
Let s(y) = -5*y**3 - 5*y**2 - 31*y - 61. Let p be s(-3). Calculate the highest common divisor of 610 and p.
122
Let u(k) = 99*k + 2217. Let w be u(-22). What is the greatest common divisor of 1833 and w?
39
Suppose -5*k - 6 = 19, -r + 3*k + 153 = 0. Calculate the highest common factor of 598 and r.
46
Suppose 23*f - 26*f = -45. Suppose -f*t + 560 = 13*t. What is the highest common factor of 70 and t?
10
Let l = 22 - -114. Let d be (-4 - (-2)/1 - -12) + 3. Let h(k) = 2*k - 9. Let g be h(d). Calculate the highest common factor of g and l.
17
Suppose -4*u + 48 = -u. Suppose 8*r + 6 = 10*r. Suppose r*a - 4*j - 273 = 171, -3*a - j = -429. Calculate the highest common divisor of u and a.
16
Let y = -109 - -62. Let j be 132/(-1782) + 7955/(-135). Let t = y - j. What is the highest common divisor of 24 and t?
12
Suppose 511*l - 517*l + 78 = 0. Suppose 2*x = -l + 49. Calculate the greatest common divisor of x and 2.
2
Suppose -64*i = -58*i - 198. Suppose -i*m + 84 = -26*m. Calculate the greatest common factor of m and 84.
12
Let x be 1094/39 + 44/(-858). Suppose -3*n - 4*n + 343 = 0. Suppose 7*a + 0*a - n = 0. What is the highest common factor of x and a?
7
Let h be (-25)/(-5) + -13 - 382. Let c = -168 - h. What is the greatest common divisor of c and 185?
37
Let y be 4/12 + (-5)/(-3). Let n(p) = p**3 - p**2 - 1. Let c be n(y). Let x = 5435 - 5434. Calculate the greatest common factor of x and c.
1
Suppose 5*l - 48 = -3*l. Let y(i) = i**3 - 6*i**2 + 6*i. Let p be y(l). What is the greatest common factor of p and 72?
36
Let c = 2768 - 2702. Calculate the highest common divisor of 42 and c.
6
Let n(f) = -f**3 - 80*f**2 - 10*f + 419. Let o be n(-80). What is the greatest common divisor of o and 106?
53
Suppose -28*q = -25*q - 4*p - 46, 0 = -4*q + 4*p + 56. Suppose q*c - 183 = -3. Calculate the highest common factor of 54 and c.
18
Let y be ((-22)/3)/(9/(-54)). Let g = -29 + y. Let l = 3 + g. Calculate the highest common divisor of 18 and l.
18
Suppose 1339 = -9*x + 2476 + 1923. Calculate the greatest common divisor of x and 30.
10
Let q = -228 - -223. Let g = 33 - q. Calculate the highest common divisor of g and 95.
19
Let o be (-126)/45*(-260)/91. What is the greatest common factor of 20968 and o?
8
Let g be (-5 + 9/2)*-4. Suppose 0 = g*m + 4*i - 22, 0*m = -m - 5*i - 4. What is the greatest common divisor of m and 112?
7
Suppose 3*q - 27 = -3*k, -q - 3 = k + 3*q. Let r(f) = 4*f**2 + f + 1. Let d be r(-4). Let w = d + -22. What is the greatest common divisor of k and w?
13
Let k be (14/(-3))/((-5)/15). Suppose 62 - 125 = -3*q. What is the greatest common divisor of q and k?
7
Let w = 30772 - 20589. What is the greatest common factor of 34 and w?
17
Let z(k) = k + 60. Let n(f) = 2*f + 121. Let a(m) = -2*n(m) + 5*z(m). Let w be a(21). Let o = w + -68. What is the highest common factor of 11 and o?
11
Let a(q) = 9*q + 36. Let y be a(-4). Suppose -3*z = 4*u - 4*z - 124, 2*z = y. Calculate the greatest common factor of u and 837.
31
Let i be -15 - (-4)/((-504)/(-1902)) - 218100/(-63). Calculate the highest common divisor of i and 42.
6
Suppose 0 = 620*g - 622*g - 5*q + 268, 0 = g - 5*q - 134. What is the highest common divisor of g and 5762?
134
Let p be 2*(369/(-6))/(-3). Suppose 25*z - 24*z = -81*z + 30258. Calculate the highest common divisor of p and z.
41
Let c(w) be the second derivative of -w**3/2 + 25*w**2/2 - 4*w. Let s be c(7). Let u be (-336)/(-54) - 2/9. What is the greatest common factor of u and s?
2
Let h be -4422*(15/10 + -3). What is the greatest common divisor of h and 36?
9
Let p = -4048 + 7150. What is the greatest common divisor of p and 198?
66
Let c = 26 - 6. Let v = -93041 - -93241. What is the highest common divisor of c and v?
20
Let u = -2275 + 10789. What is the greatest common divisor of u and 18?
18
Let y = 143 + -126. Suppose y*p = 20*p - 405. What is the greatest common factor of 30 and p?
15
Let h(g) = 1214*g + 30622. Let r be h(-25). Let p(i) = 8*i. Let w be p(2). What is the greatest common divisor of w and r?
16
Let k be ((-6)/4)/(3/(-6)). Suppose -k*r + 19 = 7. Let x be r/(-24)*-6*17. What is the highest common divisor of 187 and x?
17
Suppose 8*t = -2*t - 90. Let q be 9/t*2/2. Let b be 75/6 + q/(-2). What is the highest common factor of b and 52?
13
Suppose 3*z + 123 = 5*t + 28, 0 = 2*z. Suppose -106 = t*o - 581. Let k be 2 - (-1)/((-1)/(-3)). Calculate the highest common divisor of k and o.
5
Suppose 3*g - 2*t + 0*t + 172 = 0, -g + 3*t = 62. Let n = 56 + g. Suppose n = 3*y - 15, 5*w + 2*y - 40 = 2*w. What is the highest common divisor of 130 and w?
10
Let x = 1276 + -1274. Let h be 2 + 28/1 - 1. Suppose 4*n - 5*k = h, 5*k - 21 = -4*n - x. Calculate the greatest common divisor of 54 and n.
6
Let j = -15298 - -15308. Calculate the greatest common divisor of j and 2150.
